{"id":13,"date":"2018-11-12T12:39:10","date_gmt":"2018-11-12T12:39:10","guid":{"rendered":"http:\/\/sim-malle.at\/wordpress\/?page_id=13"},"modified":"2018-12-06T15:06:28","modified_gmt":"2018-12-06T15:06:28","slug":"installationen","status":"publish","type":"page","link":"http:\/\/sim-malle.at\/wordpress\/?page_id=13","title":{"rendered":"Installationen"},"content":{"rendered":"<table style=\"border-collapse: collapse; width: 100%;\" border=\"1\">\n<tbody>\n<tr>\n<td style=\"width: 2.00625%; border-style: hidden;\"><\/td>\n<td style=\"width: 95.1173%; border-style: hidden;\">\n<h4>Ihre Zufriedenheit liegt uns sehr am Herzen. Deshalb nehmen wir uns auch viel Zeit f\u00fcr die Planung und Beratung.<\/h4>\n<h4>Wir sind der richtige Partner f\u00fcr:<\/h4>\n<\/td>\n<td style=\"width: 2.87645%; border-style: hidden;\"><\/td>\n<\/tr>\n<tr>\n<td style=\"width: 2.00625%; border-style: hidden;\"><\/td>\n<td style=\"width: 95.1173%; border-style: hidden;\">\n<ul>\n<li><strong>Rohbauinstallationen<\/strong><\/li>\n<li><strong>Altbausanierung<\/strong><\/li>\n<li><strong>Planung und Einbau von Sanit\u00e4ranlagen<\/strong><\/li>\n<li><strong>B\u00e4dersanierung<\/strong><\/li>\n<li><strong>Fu\u00dfboden-, Wand- und Deckenheizung<\/strong><\/li>\n<li><strong>und kontrollierte Wohnrauml\u00fcftung.<\/strong><\/li>\n<\/ul>\n<\/td>\n<td style=\"width: 2.87645%; border-style: hidden;\"><\/td>\n<\/tr>\n<tr>\n<td style=\"width: 2.00625%; border-style: hidden;\"><\/td>\n<td style=\"width: 95.1173%; border-style: hidden;\">\n<h4>Ob alt oder neu, wir sorgen f\u00fcr ein komfortables Wohnen. Sparen Sie Geld und Energie w\u00e4hrend Sie gleichzeitig mit unseren Anlagen die Umwelt entlasten.<\/h4>\n<\/td>\n<td style=\"width: 2.87645%; border-style: hidden;\"><\/td>\n<\/tr>\n<\/tbody>\n<\/table>\n<h4><\/h4>\n","protected":false},"excerpt":{"rendered":"<p>Ihre Zufriedenheit liegt uns sehr am Herzen. Deshalb nehmen wir uns auch viel Zeit f\u00fcr die Planung und Beratung. Wir sind der richtige Partner f\u00fcr: Rohbauinstallationen Altbausanierung Planung und Einbau von Sanit\u00e4ranlagen B\u00e4dersanierung Fu\u00dfboden-, Wand- und Deckenheizung und kontrollierte Wohnrauml\u00fcftung. Ob alt oder neu, wir sorgen f\u00fcr ein komfortables Wohnen. Sparen Sie Geld und Energie [&hellip;]<\/p>\n","protected":false},"author":1,"featured_media":0,"parent":0,"menu_order":0,"comment_status":"closed","ping_status":"closed","template":"","meta":[],"_links":{"self":[{"href":"http:\/\/sim-malle.at\/wordpress\/index.php?rest_route=\/wp\/v2\/pages\/13"}],"collection":[{"href":"http:\/\/sim-malle.at\/wordpress\/index.php?rest_route=\/wp\/v2\/pages"}],"about":[{"href":"http:\/\/sim-malle.at\/wordpress\/index.php?rest_route=\/wp\/v2\/types\/page"}],"author":[{"embeddable":true,"href":"http:\/\/sim-malle.at\/wordpress\/index.php?rest_route=\/wp\/v2\/users\/1"}],"replies":[{"embeddable":true,"href":"http:\/\/sim-malle.at\/wordpress\/index.php?rest_route=%2Fwp%2Fv2%2Fcomments&post=13"}],"version-history":[{"count":13,"href":"http:\/\/sim-malle.at\/wordpress\/index.php?rest_route=\/wp\/v2\/pages\/13\/revisions"}],"predecessor-version":[{"id":386,"href":"http:\/\/sim-malle.at\/wordpress\/index.php?rest_route=\/wp\/v2\/pages\/13\/revisions\/386"}],"wp:attachment":[{"href":"http:\/\/sim-malle.at\/wordpress\/index.php?rest_route=%2Fwp%2Fv2%2Fmedia&parent=13"}],"curies":[{"name":"wp","href":"https:\/\/api.w.org\/{rel}","templated":true}]}}