{"id":15,"date":"2018-11-12T12:39:25","date_gmt":"2018-11-12T12:39:25","guid":{"rendered":"http:\/\/sim-malle.at\/wordpress\/?page_id=15"},"modified":"2021-10-06T05:59:05","modified_gmt":"2021-10-06T05:59:05","slug":"service","status":"publish","type":"page","link":"http:\/\/sim-malle.at\/wordpress\/?page_id=15","title":{"rendered":"Service"},"content":{"rendered":"<table style=\"border-collapse: collapse; width: 100%;\" border=\"1\">\n<tbody>\n<tr style=\"height: 48px;\">\n<td style=\"width: 3.82886%; height: 48px; border-style: hidden;\"><\/td>\n<td style=\"width: 90.1668%; height: 48px; border-style: hidden;\" colspan=\"3\">\n<h4>Unser Service ist vielseitig. Wir nehmen unsere Ger\u00e4te nicht nur in Betrieb, sondern \u00fcbernehmen auch Wartungsarbeiten und St\u00f6rungsdienste. Dies bezieht sich aber nicht ausschlie\u00dflich auf von uns vertriebene Ger\u00e4te. Unser kompetentes Team ist auch perfekt geschult, Anlagen anderer Anbieter zu warten.<\/h4>\n<\/td>\n<td style=\"width: 6.00438%; height: 48px; border-style: hidden;\"><\/td>\n<\/tr>\n<tr style=\"height: 24px;\">\n<td style=\"width: 3.82886%; height: 24px; border-style: hidden;\"><\/td>\n<td style=\"width: 46.4685%; height: 24px; border-style: hidden;\"><\/td>\n<td style=\"width: 2.45108%; height: 24px; border-style: hidden;\"><\/td>\n<td style=\"width: 41.2472%; height: 24px; border-style: hidden;\"><\/td>\n<td style=\"width: 6.00438%; height: 24px; border-style: hidden;\"><\/td>\n<\/tr>\n<tr style=\"height: 48px;\">\n<td style=\"width: 3.82886%; height: 48px; border-style: hidden;\"><\/td>\n<td style=\"width: 46.4685%; height: 48px; border-style: hidden;\">\n<h4>Nach dem Aufstehen geht der erste Weg f\u00fcr viele \u00d6sterreicher ins Badezimmer. Um einen angenehmen Start in den Tag zu gewehrleisten, nehmen wir uns ausreichend Zeit mit Ihnen Ihren B\u00e4dertraum zu erf\u00fcllen. Die Gestaltung und Produktauswahl besprechen wir gerne mit Ihnen. Lassen Sie sich von einem unserer erfahrenen Mitarbeiter genau beraten.<\/h4>\n<\/td>\n<td style=\"width: 2.45108%; height: 48px; border-style: hidden;\"><\/td>\n<td style=\"width: 41.2472%; height: 48px; border-style: hidden;\">\n<h4><img loading=\"lazy\" class=\"wp-image-368 alignnone\" src=\"http:\/\/sim-malle.at\/wordpress\/wp-content\/uploads\/2018\/12\/floor-home-cottage-kitchen-property-tile-633131-pxhere.com_-300x199.jpg\" alt=\"\" width=\"236\" height=\"157\" srcset=\"http:\/\/sim-malle.at\/wordpress\/wp-content\/uploads\/2018\/12\/floor-home-cottage-kitchen-property-tile-633131-pxhere.com_-300x199.jpg 300w, http:\/\/sim-malle.at\/wordpress\/wp-content\/uploads\/2018\/12\/floor-home-cottage-kitchen-property-tile-633131-pxhere.com_.jpg 720w\" sizes=\"(max-width: 236px) 100vw, 236px\" \/><\/h4>\n<\/td>\n<td style=\"width: 6.00438%; height: 48px; border-style: hidden;\"><\/td>\n<\/tr>\n<tr style=\"height: 24px;\">\n<td style=\"width: 3.82886%; height: 24px; border-style: hidden;\"><\/td>\n<td style=\"width: 46.4685%; height: 24px; border-style: hidden;\">\n<h4>Ebenso beheben wir schnellstm\u00f6glich Rohrbr\u00fcche und andere Wassersch\u00e4den.<\/h4>\n<\/td>\n<td style=\"width: 2.45108%; height: 24px; border-style: hidden;\"><\/td>\n<td style=\"width: 41.2472%; height: 24px; border-style: hidden;\">\n<h4><img loading=\"lazy\" class=\"wp-image-143 alignleft\" src=\"http:\/\/sim-malle.at\/wordpress\/wp-content\/uploads\/2018\/11\/IMG_2700-300x200.jpg\" alt=\"\" width=\"240\" height=\"160\" srcset=\"http:\/\/sim-malle.at\/wordpress\/wp-content\/uploads\/2018\/11\/IMG_2700-300x200.jpg 300w, http:\/\/sim-malle.at\/wordpress\/wp-content\/uploads\/2018\/11\/IMG_2700-768x512.jpg 768w, http:\/\/sim-malle.at\/wordpress\/wp-content\/uploads\/2018\/11\/IMG_2700-1024x683.jpg 1024w\" sizes=\"(max-width: 240px) 100vw, 240px\" \/><\/h4>\n<\/td>\n<td style=\"width: 6.00438%; height: 24px; border-style: hidden;\"><\/td>\n<\/tr>\n<tr>\n<td style=\"width: 3.82886%; border-style: hidden;\"><\/td>\n<td style=\"width: 46.4685%; border-style: hidden;\"><\/td>\n<td style=\"width: 2.45108%; border-style: hidden;\"><\/td>\n<td style=\"width: 41.2472%; border-style: hidden;\"><\/td>\n<td style=\"width: 6.00438%; border-style: hidden;\"><\/td>\n<\/tr>\n<\/tbody>\n<\/table>\n<h4><\/h4>\n","protected":false},"excerpt":{"rendered":"<p>Unser Service ist vielseitig. Wir nehmen unsere Ger\u00e4te nicht nur in Betrieb, sondern \u00fcbernehmen auch Wartungsarbeiten und St\u00f6rungsdienste. Dies bezieht sich aber nicht ausschlie\u00dflich auf von uns vertriebene Ger\u00e4te. Unser kompetentes Team ist auch perfekt geschult, Anlagen anderer Anbieter zu warten. Nach dem Aufstehen geht der erste Weg f\u00fcr viele \u00d6sterreicher ins Badezimmer. Um einen [&hellip;]<\/p>\n","protected":false},"author":1,"featured_media":0,"parent":0,"menu_order":0,"comment_status":"closed","ping_status":"closed","template":"","meta":[],"_links":{"self":[{"href":"http:\/\/sim-malle.at\/wordpress\/index.php?rest_route=\/wp\/v2\/pages\/15"}],"collection":[{"href":"http:\/\/sim-malle.at\/wordpress\/index.php?rest_route=\/wp\/v2\/pages"}],"about":[{"href":"http:\/\/sim-malle.at\/wordpress\/index.php?rest_route=\/wp\/v2\/types\/page"}],"author":[{"embeddable":true,"href":"http:\/\/sim-malle.at\/wordpress\/index.php?rest_route=\/wp\/v2\/users\/1"}],"replies":[{"embeddable":true,"href":"http:\/\/sim-malle.at\/wordpress\/index.php?rest_route=%2Fwp%2Fv2%2Fcomments&post=15"}],"version-history":[{"count":24,"href":"http:\/\/sim-malle.at\/wordpress\/index.php?rest_route=\/wp\/v2\/pages\/15\/revisions"}],"predecessor-version":[{"id":410,"href":"http:\/\/sim-malle.at\/wordpress\/index.php?rest_route=\/wp\/v2\/pages\/15\/revisions\/410"}],"wp:attachment":[{"href":"http:\/\/sim-malle.at\/wordpress\/index.php?rest_route=%2Fwp%2Fv2%2Fmedia&parent=15"}],"curies":[{"name":"wp","href":"https:\/\/api.w.org\/{rel}","templated":true}]}}