{"id":7,"date":"2018-11-12T12:37:10","date_gmt":"2018-11-12T12:37:10","guid":{"rendered":"http:\/\/sim-malle.at\/wordpress\/?page_id=7"},"modified":"2021-10-14T04:01:21","modified_gmt":"2021-10-14T04:01:21","slug":"foerderungen","status":"publish","type":"page","link":"http:\/\/sim-malle.at\/wordpress\/?page_id=7","title":{"rendered":"F\u00f6rderungen"},"content":{"rendered":"<table style=\"border-collapse: collapse; width: 100%;\" border=\"1\">\n<tbody>\n<tr style=\"height: 73px;\">\n<td style=\"width: 3.60161%; border-style: hidden; height: 73px;\"><\/td>\n<td style=\"width: 93.1593%; border-style: hidden; height: 73px;\">\n<h2>Wir \u00fcbernehmen gerne f\u00fcr Sie das F\u00f6rderansuchen.<\/h2>\n<\/td>\n<td style=\"width: 3.23903%; border-style: hidden; height: 73px;\"><\/td>\n<\/tr>\n<tr style=\"height: 48px;\">\n<td style=\"width: 3.60161%; border-style: hidden; height: 48px;\"><\/td>\n<td style=\"width: 93.1593%; border-style: hidden; height: 48px;\">\n<h4>F\u00f6rderungen der Kommunalkredit<\/h4>\n<h4><a href=\"https:\/\/www.umweltfoerderung.at\/alle-foerderungen.html\" target=\"_blank\" rel=\"noopener\">Details<\/a><u><br \/>\n<\/u><\/h4>\n<\/td>\n<td style=\"width: 3.23903%; border-style: hidden; height: 48px;\"><\/td>\n<\/tr>\n<tr style=\"height: 48px;\">\n<td style=\"width: 3.60161%; border-style: hidden; height: 48px;\"><\/td>\n<td style=\"width: 93.1593%; border-style: hidden; height: 48px;\">\n<h4>F\u00f6rderungen Land K\u00e4rnten<\/h4>\n<h4><a href=\"https:\/\/www.ktn.gv.at\/Service\/Formulare-und-Leistungen\/BW-L55\" target=\"_blank\" rel=\"noopener\">Details<\/a><u><br \/>\n<\/u><\/h4>\n<\/td>\n<td style=\"width: 3.23903%; border-style: hidden; height: 48px;\"><\/td>\n<\/tr>\n<tr style=\"height: 48px;\">\n<td style=\"width: 3.60161%; border-style: hidden; height: 48px;\"><\/td>\n<td style=\"width: 93.1593%; border-style: hidden; height: 48px;\">\n<h4>Kelag Photovoltaikf\u00f6rderung<\/h4>\n<h4><a href=\"https:\/\/www.kelag.at\/photovoltaik-einspeisung#\" target=\"_blank\" rel=\"noopener\">Details<\/a><\/h4>\n<\/td>\n<td style=\"width: 3.23903%; border-style: hidden; height: 48px;\"><\/td>\n<\/tr>\n<tr style=\"height: 48px;\">\n<td style=\"width: 3.60161%; border-style: hidden; height: 48px;\"><\/td>\n<td style=\"width: 93.1593%; border-style: hidden; height: 48px;\">\n<h4>Kelag Direktf\u00f6rderungen<\/h4>\n<h4><a href=\"https:\/\/www.kelag.at\/energiefoerderung\" target=\"_blank\" rel=\"noopener\">Details<\/a><\/h4>\n<\/td>\n<td style=\"width: 3.23903%; border-style: hidden; height: 48px;\"><\/td>\n<\/tr>\n<tr style=\"height: 24px;\">\n<td style=\"width: 3.60161%; border-style: hidden; height: 24px;\"><\/td>\n<td style=\"width: 93.1593%; border-style: hidden; height: 24px;\"><\/td>\n<td style=\"width: 3.23903%; border-style: hidden; height: 24px;\"><\/td>\n<\/tr>\n<tr style=\"height: 24px;\">\n<td style=\"width: 3.60161%; border-style: hidden; height: 24px;\"><\/td>\n<td style=\"width: 93.1593%; border-style: hidden; height: 24px;\"><\/td>\n<td style=\"width: 3.23903%; border-style: hidden; height: 24px;\"><\/td>\n<\/tr>\n<tr style=\"height: 24px;\">\n<td style=\"width: 3.60161%; border-style: hidden; height: 24px;\"><\/td>\n<td style=\"width: 93.1593%; border-style: hidden; height: 24px;\"><\/td>\n<td style=\"width: 3.23903%; border-style: hidden; height: 24px;\"><\/td>\n<\/tr>\n<\/tbody>\n<\/table>\n<h4><\/h4>\n","protected":false},"excerpt":{"rendered":"<p>Wir \u00fcbernehmen gerne f\u00fcr Sie das F\u00f6rderansuchen. F\u00f6rderungen der Kommunalkredit Details F\u00f6rderungen Land K\u00e4rnten Details Kelag Photovoltaikf\u00f6rderung Details Kelag Direktf\u00f6rderungen Details<\/p>\n","protected":false},"author":1,"featured_media":0,"parent":0,"menu_order":0,"comment_status":"closed","ping_status":"closed","template":"","meta":[],"_links":{"self":[{"href":"http:\/\/sim-malle.at\/wordpress\/index.php?rest_route=\/wp\/v2\/pages\/7"}],"collection":[{"href":"http:\/\/sim-malle.at\/wordpress\/index.php?rest_route=\/wp\/v2\/pages"}],"about":[{"href":"http:\/\/sim-malle.at\/wordpress\/index.php?rest_route=\/wp\/v2\/types\/page"}],"author":[{"embeddable":true,"href":"http:\/\/sim-malle.at\/wordpress\/index.php?rest_route=\/wp\/v2\/users\/1"}],"replies":[{"embeddable":true,"href":"http:\/\/sim-malle.at\/wordpress\/index.php?rest_route=%2Fwp%2Fv2%2Fcomments&post=7"}],"version-history":[{"count":12,"href":"http:\/\/sim-malle.at\/wordpress\/index.php?rest_route=\/wp\/v2\/pages\/7\/revisions"}],"predecessor-version":[{"id":415,"href":"http:\/\/sim-malle.at\/wordpress\/index.php?rest_route=\/wp\/v2\/pages\/7\/revisions\/415"}],"wp:attachment":[{"href":"http:\/\/sim-malle.at\/wordpress\/index.php?rest_route=%2Fwp%2Fv2%2Fmedia&parent=7"}],"curies":[{"name":"wp","href":"https:\/\/api.w.org\/{rel}","templated":true}]}}